m = 39. Suppose 4*i + 3*h = 15, i - 2*h = 3*h - 25. Let t(y) = i + 2*y + 0*y - 2. Give t(m).
4
Let w(k) be the third derivative of k**5/60 - k**4/8 - 2*k**3/3 - 4*k**2. Suppose -12 = -3*t + b, -4*b = 3*t + 2*t - 20. Calculate w(t).
0
Let t be (-8)/(0 + (-2 - 0)). Suppose -2 = t*q + 2. Let i(w) = 3*w**2 - 1. Calculate i(q).
2
Suppose 3*q = 4*u + 27, -u + 3*u = -q - 1. Let g(p) = 5*p**3 - 12*p**2 + 17*p. Let l(h) = 2*h**3 - 4*h**2 + 6*h. Let y(d) = u*g(d) + 8*l(d). Give y(-5).
-10
Let x be 5 - (-3)/2*-2. Let i(l) = -4 + 5 + 3*l - 5*l. Give i(x).
-3
Let g(i) = 9*i**3 - 3*i**2 - 6*i - 1. Let c(l) = -7*l**3 + l**2 + 7*l. Let f(v) = 4*c(v) + 3*g(v). What is f(-7)?
25
Let n = -17 - -14. Let y = -2 - n. Let r(g) = -4*g - 8 + y + 2 + 2. Calculate r(-4).
13
Let n(g) be the second derivative of g**4/6 - 4*g**3/3 + 5*g**2/2 + 11*g. Give n(4).
5
Let n(q) = -4*q. Let c(j) = 5*j**2 + 22*j - 1. Let k(m) = c(m) + 5*n(m). Calculate k(1).
6
Let s(j) = 0*j**3 - 2*j + 5*j**2 - 3*j - j**3. Suppose 5*x - 5*c - 5 = 0, 9*x + 3*c - 25 = 5*x. What is s(x)?
-4
Let w(n) = n**2 - 6*n. Suppose 21 = -4*c + 3*b, b + 10 + 22 = -3*c. Let a be ((c - -1) + 2)*(-1)/2. What is w(a)?
-9
Let l(g) = -2*g**2 - 9*g + 13. Let a = 3 + -1. Let b(u) = -u**2 - 8*u + 13. Let q(o) = a*l(o) - 3*b(o). Let h be q(4). Let t(c) = -c - 1. Determine t(h).
4
Let n(x) be the second derivative of 0 - 6*x + 7/2*x**2 + 11/6*x**3. Let r(o) = -6*o - 4. Let g(u) = -3*n(u) - 5*r(u). Calculate g(1).
-4
Let f(g) = g**2 + 6*g - 1. Let l(m) = 21*m + 182. Let q be l(-9). Determine f(q).
6
Let n(m) be the first derivative of -m**6/360 + 7*m**5/120 + 28*m**3/3 - 33. Let q(a) be the third derivative of n(a). Determine q(6).
6
Suppose 4*t - t + v - 44 = 0, 3*t = v + 40. Let p be t/84 + (-7)/6. Let y(k) = 3*k**2 + k. Determine y(p).
2
Let i(m) be the second derivative of m**3/6 - m**2 - 60*m. Let c(o) = -o - 4. Let t be c(-4). Give i(t).
-2
Let h(g) = g - 1. Suppose 4*b + 3*c - 33 = 46, 0 = 3*b - 2*c - 72. Suppose -82 = 10*d - b. Determine h(d).
-7
Let w(i) = 6*i + 25. Let y be w(-5). Let x(s) = s - 1. Calculate x(y).
-6
Let b = 320 - 325. Let q(y) = 9*y**2 + 7*y + 1. Let r(p) = -5*p**2 - 3*p. Let d(x) = -4*q(x) - 7*r(x). What is d(b)?
6
Let y be 1/(1/6)*1. Let b(o) = -7*o**2 + 19*o + 106. Let s(w) = 4*w**2 - 10*w - 65. Let t(h) = 3*b(h) + 5*s(h). Give t(y).
-1
Let k(c) be the second derivative of -c**6/360 - c**5/40 + 17*c**4/6 - 10*c. Let s(n) be the third derivative of k(n). What is s(-2)?
1
Let n(i) = i - 2. Let o(x) = -2*x - 6. Let v be o(-7). Suppose 30*m - v = 32*m. Determine n(m).
-6
Let q(c) = -4*c - 7. Let v be q(-2). Let f(b) = v - 6 - 2*b - 4*b + b. Calculate f(-5).
20
Let r(w) = -9*w**3 - 55*w**2 + 5 + 11*w + 5*w**3 + 62*w**2 + 5*w**3. Determine r(-5).
0
Let h(j) = -j**3 - j. Let g(y) = -y**3 - 3*y**2 - 4*y + 2. Let w(d) = g(d) - 2*h(d). Give w(4).
10
Let x(q) be the first derivative of q**3/3 + 4*q**2 + 13*q - 86. Calculate x(-6).
1
Let c(f) = -f**2 - 3*f + 1. Let l(z) be the second derivative of -z**3/3 - 3*z**2/2 - z + 6. Let t be l(0). Determine c(t).
1
Let w(h) = -h**3 + h**2 + h + 1. Let g be 27/(-18) + 2/4. Let v(d) = 4*d**3 + 5*d**2 + 3*d - 4. Let y(z) = g*v(z) - 3*w(z). Give y(-7).
-6
Let v(k) = -4*k - 6. Let r(q) = -q**3 - 5*q**2 - q - 5. Let w be r(-5). Let j be 0 + w*2/2. Suppose j = -o - 4, 5*t - 4 + 16 = 2*o. What is v(t)?
10
Let g(o) = 2*o. Let i be (-7)/21*15/(-1). Let b(h) = -2*h + i + 0*h - 3*h + 3*h. Let q be b(2). Give g(q).
2
Let d(w) = w**3 - 26*w**2 + 24*w + 17. Let g = 1282 - 1257. Give d(g).
-8
Suppose -15*p = -10*p + 3*j - 4, -2*p = 6*j + 8. Let f(d) = -d**3 + 6*d - 8. Determine f(p).
-4
Let a(u) = -u**2 - 7*u + 10. Let w(o) = o - 7. Let n be w(9). Suppose p + 9 = 5*i, 1 = 2*i - p - n. Suppose -3*f = -b - 23, b - 3 = i*b + f. Give a(b).
2
Let k = -40 - -40. Suppose 4*o + 0 + 4 = k, -75 = 5*l + 5*o. Let d be -4*(l/(-4) - 4). Let r(t) = 2*t - 2. Calculate r(d).
2
Suppose 25 = 3*p + r, 0 = -4*p + 4*r + 14 + 14. Let j(t) = -t + 5*t - p*t + 0*t. Calculate j(2).
-8
Let d(m) = -3*m - 2. Let f(x) = -x**3 - 8*x**2 - 6*x + 10. Let q be f(-7). Suppose 24*b + 3 = 23*b. Let r be 13/q - (-4)/b. Give d(r).
-11
Let g(a) = a - 3. Suppose 3*h = 7*h - 28. Suppose -68 = -h*q - 19. Determine g(q).
4
Suppose 3*f - 2*m = -34, 4*m = -2*f + 2*m - 26. Let c = 16 + f. Suppose 0 = -c*d - 8. Let u(p) = -p**3 - 4*p**2 - 2*p - 1. Calculate u(d).
-5
Let w(b) = 4*b. Suppose 3*s + 69 = 60. Calculate w(s).
-12
Let u(m) = -3*m**3 + 4*m**2 - 4*m + 3. Suppose 2*r - 7 = -3. Suppose 8 = 2*q + r*q. Determine u(q).
-13
Let r be ((-6)/((-4)/4) - 3) + -3. Let n(b) = -b**3 - 2*b**2 - 4. Let h be n(r). Let t(p) = -p**3 + p. Let q(l) = -4*l**2. Let o(m) = q(m) + t(m). Give o(h).
-4
Suppose 8*w + 17*w = -125. Let n(d) be the third derivative of d**4/24 - d**3/6 + 27*d**2. Determine n(w).
-6
Let y(h) be the third derivative of -7*h**2 + 7/6*h**3 + 0*h - 1/8*h**4 - 1/60*h**5 + 0. Give y(-5).
-3
Let z(x) be the second derivative of 1/20*x**5 + 0 + 1/2*x**3 - x**2 + 2*x + 5/12*x**4. Let t(y) = -y**3 + 3*y**2 + 29*y - 10. Let b be t(7). What is z(b)?
7
Let z(w) = -4 - w**3 + 186*w**2 - 370*w**2 + 183*w**2. Give z(0).
-4
Let b be (0 + -5 - -49)/((-1)/1). Let a = -50 - b. Let y(l) = -5*l - 18. Let g(o) = o + 1. Let x(u) = 4*g(u) + y(u). What is x(a)?
-8
Let h be ((-24)/28)/((-1)/(-7)). Let i(z) = -5*z - 3. Let o(p) = 21*p + 10. Let j(d) = 9*i(d) + 2*o(d). Calculate j(h).
11
Let a(h) = 8*h**2 + h + 1. Let b be a(-1). Let c(y) = 5*y**2 + 16*y + 14. Let w(z) = -7*z**2 - 18*z - 21. Let s(g) = -4*c(g) - 3*w(g). What is s(b)?
-9
Let h be -5*((-168)/15)/14. Let g(b) = -b**2 + 6*b - 4. What is g(h)?
4
Let a(w) = 3*w**3 + 6*w - 7*w**2 - 8 - w**3 - 3*w**3. Let j = -1051 + 1043. What is a(j)?
8
Let h(y) be the second derivative of y**5/20 + y**4/3 + y**3/2 + 2*y**2 + 8*y. Let v be h(-2). Let m(x) = x**3 - 7*x**2 + 6*x + 6. Calculate m(v).
6
Let q(k) = 7*k**2 + 55*k - 14. Let y be q(-8). Let u(i) = -i**2 - 7*i + 5. Let g(d) = -d**2 - 8*d + 4. Let a(v) = 3*g(v) - 4*u(v). What is a(y)?
4
Let v(z) = z**2 + 2*z + 5. Let i(y) = y**2 - 13*y - 3. Let x be i(13). Let k be v(x). Let u = -12 + k. Let a(t) = -t - 4. What is a(u)?
0
Let m(n) = 2*n**3 + 6*n**2 - 12*n + 3. Let b(a) = a**3 + 3*a**2 - 6*a + 1. Suppose -4*j = -o - 20, -j - 4*o + 28 = j. Let z(g) = j*m(g) - 11*b(g). Give z(-5).
-13
Suppose 13*r - 27 = -1. Let l(u) = 3 - 5*u**r + 3*u - u**3 - 14 + 12 - 6*u. Suppose -4*a = 2 + 2, 7 = -2*n + a. Calculate l(n).
-3
Suppose 4*r = -5*i + 100, 0 = 3*i - 4*i. Let a = -13 + r. Let b be (-21)/4 - (-3)/a. Let d(q) = q + 10. Determine d(b).
5
Let r(q) = 17*q**3 - 12*q**2 - 4*q + 4. Let c(w) = -12*w**3 + 8*w**2 + 3*w - 3. Let g(o) = 7*c(o) + 5*r(o). Suppose 3*l + 0*l - 12 = 0. Determine g(l).
3
Let v be 18/27*(-1 + -2). Let z(j) = 2*j + 3. Calculate z(v).
-1
Let x be 2/(-6) + (-70)/(-21). Suppose -x*j + 2*j = 0. Let h(i) = i**2 - i - 6. Give h(j).
-6
Let q(z) = -11*z**3 + z**2 + z - 1. Let x(b) = 2*b**3 - b**2 - 2*b + 1. Let a be x(0). Determine q(a).
-10
Let u(q) = -q**2 + 2*q**2 - 644*q + 650*q - 1. What is u(-6)?
-1
Let s(f) = -f**3 - 5*f**2 + f - 6. Let r = -997 - -992. Give s(r).
-11
Let f(z) = z + 9. Let o(a) = -a - 10. Let q(b) = 4*f(b) + 3*o(b). Let y(g) = g - 11. Let i be y(11). What is q(i)?
6
Let x = -366 - -355. Let i(c) = 4*c + 33. What is i(x)?
-11
Let a(d) = d**2 + d. Let o(n) = -n**3 - n**2 - n. Let v(k) = 6*a(k) + o(k). Determine v(5).
25
Let r(t) = -t**3 + 3*t**2 + 4*t - 4. Let z = 471 + -319. Let f = 156 - z. Determine r(f).
-4
Let o(p) = -15*p**3 - 11*p - 10. Let l be o(-1). Let m(h) = h**2 - 18*h + 34. What is m(l)?
2
Let a(q) = q + 2. Let o be a(-2). Let b(u) = 26 + u**3 - 19 - 22. Give b(o).
-15
Let l be 36/4 - (-7 + 5)*1. Let p(j) = -j**3 + 10*j**2 + 10*j + 12. What is p(l)?
1
Let q be 3 + 0 - (-4 + 3). Suppose t - 3 = q*t. Let n(s) be the second derivative of 7*s**3/6 - s**2/2 + 9*s + 3. What is n(t)?
-8
Let i(q) = q**2 - 19. Suppose 5*y = -2*s, 3*y = 8*s - 5*s. Determine i(y).
-19
Let f = 90 + -63. Let n = 26 - f. Let a(o) = -o + 1. Determine a(n).
2
Let t(p) = -p**2 + 11*p - 5. Let q = 20 + -16. Suppose -3*r - 15 = 0, -8*r = -f - q*r + 23. Let o be 102/9 - 4/f. Give t(o).
5
Suppose m = 5*u + 2, 5*m + 1 = 4*u + 11. Let q(z) = z**2